 22. Is w(k) a composite number?
True
Let x be (-12 - -6 - -10) + 20. Suppose 20*i + 18644 = x*i. Is i a prime number?
False
Let k = 49 - 50. Let f be -2 - -1 - (k + -9472). Suppose f = 9*h - 13739. Is h a prime number?
True
Suppose -3*i + 5*i = 50. Let o = i - -44. Suppose 5*q = v - o, 5*v + 0*q = -5*q + 285. Is v a composite number?
False
Suppose 142698 + 38485 = 49*d - 2812. Is d composite?
True
Suppose -4*m + 2641 - 881 = 4*a, -2*a = 0. Suppose 5*i - 35 = m. Suppose -6*y + 569 = i. Is y prime?
True
Suppose -p = 5*u + 3*p + 85, -2*u - 5*p - 34 = 0. Let c be 14 + u - -5*3. Let o(v) = 37*v - 22. Is o(c) composite?
True
Suppose -12*l + 13*l = 7478. Is l composite?
True
Let q = -3843 + 9910. Let y = -1748 + q. Is y a composite number?
True
Suppose -111*y - 3 = -108*y, -5*y - 478510 = -5*j. Is j composite?
False
Let g = 95490 - 48533. Is g a prime number?
True
Let k(h) = -2*h**2 + 15*h + 17. Let m be k(8). Let g(v) be the first derivative of 3*v**3 - 2*v**2 + 2*v + 3. Is g(m) a composite number?
True
Let k(i) = 5413 + 6*i - 2192 + i**3 - 209*i**2 + 209*i**2. Is k(0) a composite number?
False
Let p be (3/2)/(((-5)/2)/(-5)). Is (28/(-8))/(p/(-1266)) a prime number?
False
Let z = 713141 - 411682. Is z a composite number?
False
Suppose 18*t + 91115 = 21*t - n, 5*n = 5*t - 151835. Is t a prime number?
False
Let p(i) = 1269*i**2 - 3*i - 3. Let c be (-6)/4 + 7 + (-195)/26. Is p(c) prime?
False
Let z(d) = 1868*d**2 - 22*d + 31. Is z(-7) a composite number?
True
Is (-11247488)/(-35) - (-11)/5 composite?
False
Let j(g) = 320*g**2 + 15*g - 4. Let r be j(4). Suppose f - 5*t - 2371 = 0, 5*f - 5*t - 6679 - r = 0. Is f composite?
False
Suppose -2*v - 4*u + 77254 = 0, 8 = -u + 5. Is v prime?
False
Suppose -2*n + 1896 = -8*n. Let g = 6753 - n. Is g prime?
True
Suppose -15*a + 407276 = 3611. Is a prime?
False
Suppose 4*g = 5*v - 461, -5*g + g + 340 = 4*v. Let z = v + -89. Suppose -3*b - 9*b + 7908 = z. Is b a composite number?
False
Let g be (42858/3)/6*-1. Let j = 1653 - g. Is j a prime number?
False
Let p be 21/147 - 142/14. Suppose -8 = -4*x, -3*u + 4*x = -567 - 1111. Is u + (p/5 - -3) a prime number?
True
Is 137806 + (-18)/30*15 a composite number?
True
Let x = 22748 + 24707. Is x prime?
False
Suppose -3*h = m - 11 - 1, 4*m + 12 = 3*h. Suppose 2*u = a - u - 2750, -2*a + h*u + 5494 = 0. Is a composite?
False
Let j = -117 - -122. Suppose 8 = 2*c, -j*s + 3*s - 2*c = -12. Suppose 7*n - 18927 = -s*n. Is n composite?
True
Let b = -34 - -56. Suppose m - 11 = -2*p + p, 2*m - 4*p = b. Let v(w) = 37*w - 26. Is v(m) a prime number?
False
Let q be 56660/(-6)*57/(-38). Suppose 7*c - q = 2*c. Is c a composite number?
False
Suppose -317*h - 18 = -326*h. Suppose -2*y = -7*y + 25, h*n - 4*y = 6654. Is n a composite number?
True
Suppose 0*t - 4*j + 32 = 3*t, -t + 8 = 4*j. Suppose -4*w + 5*d + 6231 = 0, -9*w - 2*d = -t*w + 4675. Is w a prime number?
True
Let s = 247 - 245. Is -116*(-15)/4 - s*-1 a composite number?
True
Suppose 398*x = 402*x - 404. Suppose 13505 = -96*j + x*j. Is j a prime number?
False
Let k(t) = -189*t**3 + 27*t**2 + 161*t + 14. Is k(-11) composite?
True
Let y = 68 - -19. Let x = y + 76. Is x prime?
True
Let o(b) = b**3 + 19*b**2 + 9. Let a(d) = d**3 + 20*d**2 + 9. Let l(j) = -3*a(j) + 4*o(j). Is l(-8) composite?
False
Let h(l) = 77*l - 155. Let y be (-1124)/(-44) + -1 + (-24)/44. Is h(y) a prime number?
True
Let j = 505616 - 279451. Is j prime?
False
Let i(m) = 5*m**3 + 7*m**2 - 6*m - 1. Is i(10) composite?
False
Let v be (-264)/176 + (6212/8 - 1). Suppose -18 - 13 = s + 3*k, -s + 5*k - 31 = 0. Let n = s + v. Is n a prime number?
True
Suppose u = 12*g - 16*g - 21, 2*g - u + 3 = 0. Is (2 - 8738/g)/((-2)/(-4)) prime?
True
Let b be ((-19410)/4)/(-8 + (-99)/(-12)). Let r = b + 43855. Is r a prime number?
False
Is (-386910)/(-26) + (4 - (-648)/(-156)) composite?
True
Let u = 83814 - 45903. Is u composite?
True
Suppose 0 = -a + 7*a - 97980. Suppose -2*f = 3*f - 5*t - a, 3*t = -2*f + 6557. Is f a composite number?
False
Let f(n) = -3637*n**3 + 2*n**2 - n - 1. Let x(v) = 3638*v**3 - 3*v**2 + 2*v + 2. Let p(r) = 3*f(r) + 2*x(r). Suppose -10*i - 4 = 6. Is p(i) a composite number?
True
Suppose -6*j + 48 = -10*j. Let c be 69704/32 - (-3)/j. Let i = c - 741. Is i a composite number?
True
Suppose -3*a + 5*p - 106 = 0, a + 0*p + 22 = -5*p. Let r = a + -21. Is r/(33/9 + -4) a prime number?
False
Let j(a) = 14631*a - 434. Is j(3) prime?
False
Let r = -73 + 79. Suppose 4*f + 30 = r*f + 4*b, 2*f = b + 10. Suppose 460 = 2*t - 2*v, 2*t - 445 = f*v - 2*v. Is t a composite number?
True
Let k = 25 + -19. Suppose -2*c = k*f - 5*f - 891, -4469 = -5*f - 3*c. Is f a composite number?
True
Let f(c) = -c**3 + 11*c**2 + 14*c - 7. Let q be f(12). Suppose -2054 = -12*j + 9274. Suppose -5533 - j = -q*n. Is n a prime number?
False
Suppose -2*o + 3*o + 3022 = 4*n, 0 = o + 2*n + 3010. Is (o/66)/(2/(-30)) a prime number?
False
Suppose 3*h - 878 = -2*d, -2*h - 1317 = -0*d - 3*d. Suppose -438*w + d*w = 11213. Is w a prime number?
True
Let o(v) = 13767*v + 1166. Is o(13) a composite number?
False
Let i = 855 - 850. Suppose -5*f + 160689 = 4*g + 13404, g + i = 0. Is f a composite number?
True
Suppose 142309349 = 391*u - 92*u. Is u composite?
True
Is 1/(-32)*-16*437158 prime?
True
Let f(v) = -v**3 + 28*v**2 - 24*v - 64. Let a be f(27). Is (18477/(-12))/((357/(-56))/a) a composite number?
True
Let y(c) = 18218*c + 132. Let g be y(3). Is ((-4)/4)/(-1 + 54780/g) a composite number?
True
Let r(n) = -10*n + 1. Let m be r(4). Let v = -35 - m. Suppose -15 = 6*b - b, -v*g + 1273 = b. Is g a prime number?
False
Let w be (-5 - 178)*(0 - 2). Let u be (w/7)/((-14)/98). Let d = -161 - u. Is d a composite number?
True
Let v = 11865 - 6765. Suppose 12*p - 20244 = -v. Is p prime?
False
Suppose -2*s + 388850 = -3*r, 5*s - 641120 = -5*r + 331055. Is s a prime number?
True
Let z be -1 + 1 + 6 + 12893. Suppose 121711 = 44*j + z. Is j a prime number?
True
Let t be (-2 - 10/(-6))*(4 - 2533). Suppose -2*o - s = -4315, -3*s + 3013 - t = o. Suppose 0 = r + 4*r - o. Is r a prime number?
True
Let a be 8/(-6) - 77316/36. Let k = 8444 + a. Is k prime?
False
Suppose 3*n = n + 8. Let d(i) = 34*i**2 + 5 - n - 7*i**2 + 4*i - i. Is d(4) a composite number?
True
Suppose -7*x - 2*h - 43863 = -10*x, 73105 = 5*x - 2*h. Is x a composite number?
False
Let r = 8 - -13. Suppose -157*b + 153*b - 1780 = 0. Let d = r - b. Is d a prime number?
False
Suppose 4*s - 5*u - 65 = 0, -4*s + 0*u + 30 = 2*u. Suppose 5*o - 5*t + 1935 = 0, -3*o + s*t = 5*t + 1157. Let a = -211 - o. Is a prime?
False
Suppose 0 = j + 2*x - 20321, 2*j - 19*x + 14*x - 40678 = 0. Is j composite?
True
Let u(f) = 395*f**3 - 3*f**2 + f - 184. Is u(9) a composite number?
False
Let a = 404657 + -265950. Is a composite?
True
Let c = -1191 - -3152. Suppose r + 4*w = c, -w - 3*w + 12 = 0. Is r prime?
True
Let g = 44103 - 19046. Is g composite?
False
Let a be -2*(-4)/(-8) - -39. Suppose 13*w + a = 12*w. Is w*(3 - 4 - 0) prime?
False
Let a be (-12)/8*(-4)/3. Suppose -5*s - z + 2994 = -460, 5*s = a*z + 3457. Is s a composite number?
False
Let z(i) = 127*i**2 + 66*i - 1597. Is z(22) composite?
True
Let l(u) = -272*u + 25. Let n(p) = 271*p - 25. Let c(g) = 3*l(g) + 2*n(g). Let r be c(-8). Suppose 11*z + r = 14*z. Is z prime?
True
Is (18 + -20)*(-3 + (-60646)/4) a prime number?
False
Let z(i) = -i**3 - 14*i**2 - 16*i - 30. Let d be z(-13). Is 7 + (-47654)/(-2) + d prime?
False
Let j = 84946 - 44639. Is j a composite number?
True
Let u be (-114)/(-190) + ((-344)/(-10) - 1). Suppose -17*x = -u*x + 34833. Is x a composite number?
True
Let z = -2864 + 6508. Suppose 0 = -11*p + z + 3341. Is p composite?
True
Suppose 4*a + a = 15. Suppose 5*c = -4*w - 48, a*c = w - 2*w - 19. Is ((-5 - w) + -1)/((-2)/(-74)) a composite number?
False
Suppose 142 + 440 = 2*n. Suppose -2*v + 1 = -n. Suppose -3*s - v + 828 = -4*q, -s + 225 = q. Is s prime?
False
Let u be (-175)/(20/(-24)*(-3)/10). Let p = u + 1401. Is p a composite number?
False
Let m(j) = 13*j + 48. Let d be m(-4). Let a(b) = -1206*b + 47. Is a(d) a composite number?
False
Suppose 38*u = -45*u + 122693173. Is u a composite number?
False
Suppose 167869 = 5*q - y, 5 = 2*y + 13. Suppose q - 11617 = 4*w. Is w prime?
False
Let c = 20 + -19. Is (c + 16